0)) is divided by h/2*(-6)/21.
0
Let x be (5/(75/(-6)))/(9/1305). Let d = x + 74. Calculate the remainder when 2 - 3 - 31*-2 is divided by d.
13
Let v(k) = -k + 41. What is the remainder when 366 is divided by v(4)?
33
Let w(i) = -i**2 + 6*i. Let b be (-12)/((-51)/9 - -5). What is the remainder when 1/((-4 - -1)/(-3))*b is divided by w(5)?
3
Calculate the remainder when 65 is divided by (8/16)/((-5)/(-170)).
14
Let u be 1*3/7 + (-396)/(-154). Suppose -3*t - t + 16 = 0. Suppose u*z = z + t. What is the remainder when 9 is divided by z?
1
Let s = -56 - -87. What is the remainder when 88 is divided by s?
26
Let h be ((-24)/(-5))/(2/(-10)). Suppose l + 5 = -q - 1, -l - 3 = -2*q. Let z = l - h. Calculate the remainder when z is divided by 10.
9
Suppose -2*g + 235 = w, 0*g - 3*g = -5*w + 1136. Calculate the remainder when w is divided by 23.
22
Suppose 0 = -h - 13 + 34. Suppose 2*o - 1 = h. Calculate the remainder when 63/42 + (-118)/(-4) is divided by o.
9
Let b = 3367 - 3353. Let f(w) = 9*w + 5. What is the remainder when f(7) is divided by b?
12
Let f(m) = -m**3 + 3*m**2 - 13*m + 48. Let d(x) = 17*x**2 - x - 1. What is the remainder when d(-1) is divided by f(3)?
8
Let x = -76 + 88. What is the remainder when 22 is divided by x?
10
Suppose -4*b = -9*b - 40. Let l be 56*((-6)/(-3) - 3). What is the remainder when (30/b)/(21/l) is divided by 6?
4
Calculate the remainder when 25 is divided by (2 - (-4)/(24/9))*2.
4
Suppose -5*n + 4*n - 4*h = -29, -h = 2*n - 51. Suppose b - 8 = -0*g - 2*g, -2*g = 3*b - 4. Suppose g*w = 182 + 53. What is the remainder when w is divided by n?
22
Suppose 5*t + 285 = -5*v, -3*v + 4*t - 147 = -t. Let f = v - -83. What is the remainder when ((-1)/(-2))/((-11)/(-1870)) is divided by f?
27
Suppose k + 28 = 5*f, k + 0 = 4*f - 23. Let m(t) = t**2 - 35*t + 254. Calculate the remainder when m(27) is divided by f.
3
Let p(n) = n**3 - 59*n**2 - 109*n + 32. Calculate the remainder when p(61) is divided by 12.
9
Let x = -108 + 247. Calculate the remainder when x is divided by 13.
9
Let m = -2 - -5. Suppose 5*h = 5*b - 30, h + 0*h = -m. Let x(q) = -5*q - 87. What is the remainder when b is divided by x(-18)?
0
Suppose 0 = -4*r + r + 57. Calculate the remainder when r is divided by 5 + 9 + (-10 - -3).
5
Let n = -907 + 949. Calculate the remainder when 178 is divided by n.
10
Let c = -246 - -828. Calculate the remainder when c is divided by 144.
6
Let b(o) = 10*o + 15. Calculate the remainder when b(4) is divided by 22.
11
Suppose -5*j = 2*w - 151, w = 5*j + 2*w - 148. What is the remainder when 636 is divided by j?
27
Let k = 7 + -4. Suppose -2*m - k*n = -81, -m - 2*m + 4*n = -130. Suppose -11*z + 805 = 24*z. What is the remainder when m is divided by z?
19
Suppose -2*d + 176 = -41*k + 43*k, -2*k - d = -176. Calculate the remainder when k is divided by 19.
12
Let x be (-352)/24*6/(-1 + -1). Let m be 4/22 - (-14)/(-77). Suppose m = 3*c - 7*c + x. Calculate the remainder when 63 is divided by c.
8
Suppose 412 + 362 = 9*v. What is the remainder when 331 is divided by v?
73
Let w(o) = 3*o**2 - 4*o - 7. Let y = 0 + 14. What is the remainder when w(4) is divided by y?
11
Let p(v) = 3*v**2 + 52*v + 78. Calculate the remainder when 245 is divided by p(-18).
17
Suppose 0 = 4*m + 4 - 12. Suppose -51 = -5*s + q, -3*s + s - m*q + 30 = 0. Calculate the remainder when 16 is divided by s.
5
Let w be 5 + ((-9)/3 - 0). Suppose -w*t + 7*t - 510 = 0. What is the remainder when t is divided by (-368)/(-14) + (5 - (-185)/(-35))?
24
Let m = 10 + 41. Calculate the remainder when 159 is divided by m.
6
Let u = -208 - -231. Let z be 3/(2*(-6)/(-32)). Suppose -l + 2*g = -18, -z*g + 12 = 4*l - 4*g. What is the remainder when u is divided by l?
7
Let c(q) = 5 - 3*q + q**2 - 7*q + 4*q. Let z = -818 + 830. Calculate the remainder when z is divided by c(6).
2
What is the remainder when 182 is divided by ((-308)/(-55))/((-3)/(-15)) - 5?
21
Let g(f) = 4*f**3 - 18*f**2 + 12*f - 12. What is the remainder when g(5) is divided by 35?
28
Let z = 129 + -73. Let q = z + -44. Suppose -57 = -g - 11. Calculate the remainder when g is divided by q.
10
Let v(c) = -14*c + 121. What is the remainder when 35 is divided by v(8)?
8
What is the remainder when (6882/310)/((-1)/(-5)) is divided by 53?
5
Suppose -4*m = c - 18, -3*m = -6*m - 5*c + 5. Calculate the remainder when 55 is divided by m.
0
Let b = 9 - -14. Suppose -47 + b = -4*f. Calculate the remainder when 10 is divided by f.
4
Calculate the remainder when 84 is divided by ((-6)/(-36))/((-3)/(-54)).
0
Suppose -9 + 85 = 12*u + 28. Let n(z) = -z**3 + 5*z**2 + 9*z - 6. What is the remainder when n(6) is divided by u?
0
Suppose 233*h + 105 = 240*h. What is the remainder when 207 is divided by h?
12
Let q = 65 + -45. Suppose -2*t - 17 = -o, -4 - 11 = -5*o - 4*t. Suppose -5*v + o*v = 118. Calculate the remainder when v is divided by q.
19
What is the remainder when 67 + (-5)/(-3)*(-42)/(-35) is divided by 14?
13
Suppose 2*g + 32*g = 884. What is the remainder when 46 is divided by g?
20
Let r be 3 + 0 + -2 + 1. Suppose -l - 5*t + 25 = -0*t, l + r*t = 19. Suppose 4*v - 7*v = -l. What is the remainder when 14 is divided by v?
4
Let g(m) = 2*m**2 - 14*m - 11. What is the remainder when g(-6) is divided by 46?
7
Suppose -6*y + 9 = 63. Calculate the remainder when (-659)/y - ((-204)/54 + 4) is divided by 26.
21
Let x = 21 - -7. Suppose -33*g + 4843 = -4*g. What is the remainder when g is divided by x?
27
Let u = -8 + 18. What is the remainder when 83 is divided by (u - -2)/3 - -17?
20
Let a(d) = -d**3 + 4*d**2 + 5*d + 5. Let x be a(5). Suppose y = -o + 2, -4*o = -o + x*y. What is the remainder when o/(-10) + 31/2 is divided by 6?
3
Suppose u + 4*u - 1610 = 0. Suppose 0 = -2*q - 5*q + u. Calculate the remainder when 181 is divided by q.
43
Calculate the remainder when 110/4*48/15 is divided by ((6/(-8))/(-1))/((-23)/(-460)).
13
Let s be 1 + (-11)/2 + (-3)/2. Let t(z) = -8*z + 47. What is the remainder when t(s) is divided by 16?
15
Let s(f) = -3*f**3 - 4*f + 5. Let t be s(2). Let a = 38 + t. Calculate the remainder when a is divided by 6.
5
Let c(v) = -6*v - 36. What is the remainder when c(-29) is divided by 36?
30
Let y = -407 + 436. Calculate the remainder when 140 is divided by y.
24
Let d = 42 + -20. What is the remainder when (-30)/(-75) - (-636)/10 is divided by d?
20
Let p(j) = -6*j**3 + j**2 - j - 1. Calculate the remainder when (-1463)/(-33) + -3 - (-4)/(-3) is divided by p(-1).
5
Calculate the remainder when 215 is divided by (-1)/((-24)/16 - 201/(-138)).
8
Suppose -149*j + 154*j - 528 = 3*l, j + 4*l - 124 = 0. Calculate the remainder when j is divided by 62.
46
Let n = -68 + 96. Suppose 5 = m - 11. Let o = m + -1. Calculate the remainder when n is divided by o.
13
Let t(f) = 4*f + 42. Let n be ((-1)/(-5))/((-2)/(-85))*2. Calculate the remainder when t(n) is divided by 19.
15
Suppose 4*x = x - 3*s + 138, 42 = x - s. Let q = 54 - x. What is the remainder when 39 is divided by q?
9
Suppose 136 = 4*l - 2*w, -2*w - 101 = l - 4*l. Calculate the remainder when l is divided by ((-2)/(136/153))/((-1)/4).
8
Let l be 20 - 7/(21/6). Suppose -2*a = -4*a + 40. Calculate the remainder when a is divided by (-40)/(-6) + (-12)/l.
2
Let s(a) = 1 + a**2 - 1 - 1 + 3*a**2. Let q be s(1). Suppose -2*c = -q*c + 5. What is the remainder when c is divided by 4?
1
Let f be (168/15)/(5/(-125)). Let l = -192 - f. What is the remainder when l is divided by 15?
13
Let l(c) = -13*c + 13. What is the remainder when l(-7) is divided by ((252/(-6))/6)/(-1)?
6
Let x be (-44)/(-154) - (-38)/14. Let u be x*((-48)/(-9) + -4). What is the remainder when 27 is divided by (2/u)/((-4)/(-56))?
6
Let v = 1005 - 958. Calculate the remainder when 55 is divided by v.
8
Suppose 0 = 3*g + 7*d - 8*d - 894, -5*d - 15 = 0. Calculate the remainder when g is divided by 79.
60
Suppose w + 472 = 484. Calculate the remainder when 225 is divided by w.
9
What is the remainder when 48 is divided by 1 - (-3)/(-2) - (-264)/48?
3
Suppose 229*n + 72 = 233*n. What is the remainder when 113 is divided by n?
5
Let k be (9 + (-4 - 1))/((-1)/(-2)). Suppose -k*z + 90 = -6*z. Calculate the remainder when z is divided by 12.
9
Let s(t) = 3*t**2 - 8*t + 5. Let g be s(9). Suppose -5*h + 294 = -